Suppose -3*d - 25383 = 8130. Is 0 - (d + 40/(-5)) a prime number?
False
Suppose r - 142 = -178. Let o = 485 + r. Is o a prime number?
True
Let m be (-1438834)/(-8) + (-101)/404. Suppose -21*w + 2*w = -m. Is w a prime number?
False
Suppose 0 = -20*w + 2*w + 1767582. Suppose 0 = 13*i - 4*i - w. Is i a composite number?
True
Let p = 825 + -295. Let q = p - 487. Is q composite?
False
Let w(a) = 254*a**3 + 3*a**2 - 5*a - 7. Let x be w(4). Is (x/(-5))/((-3)/15) a composite number?
True
Suppose -5*u = 5*m - 9270, u - 2*m = 1434 + 435. Let a = 5554 - u. Is a a composite number?
True
Let p(o) = -952*o - 133. Let t be p(3). Let a(k) = -5618*k. Let i be a(-1). Let l = t + i. Is l a prime number?
False
Let n be (-18)/12 + (-99)/(-6). Suppose -9119 = -n*f - 1934. Is f prime?
True
Suppose -5*u - 4*i + 122173 = 0, 7*u - 8*u + 5*i + 24452 = 0. Is u a composite number?
True
Suppose -5*r + 25 - 50 = 0. Let d be (-4 - r)/(1/3). Suppose -d*x = -495 - 306. Is x a prime number?
False
Let m(n) = -21*n - 54. Let h be m(-3). Suppose 2 = -g, 11*g - h*g = -4*q + 5272. Is q prime?
True
Suppose 0 = 3*x - x + 4*q - 103142, 3*x - 154773 = 4*q. Is x prime?
False
Let b = -4041 - -8075. Let m = b + -511. Is m a composite number?
True
Let w(t) = -16045*t - 118. Is w(-5) prime?
True
Let z(c) = -38*c + 15. Let o(y) = y**2 + 11*y + 20. Let n be o(-10). Suppose -18*t + 17*t = n. Is z(t) composite?
True
Suppose -18*m + 646006 = -139676. Is m a prime number?
True
Let t(h) = -167*h**2 - 18*h + 61. Let n(o) = 165*o**2 + 19*o - 61. Let g(w) = -4*n(w) - 5*t(w). Is g(6) composite?
False
Let c be 3115/(-5)*-1 + -2. Let l = 1000 - c. Is l a prime number?
True
Let u = 10 - 36. Let z = -26 - u. Let p(n) = -n**3 - n**2 + 2*n + 407. Is p(z) composite?
True
Let l = -3342 + 1965. Let r be l/((0 + -2 - -3)/(-1)). Let m = r + -911. Is m prime?
False
Let l be (-2 - 4)/(-6)*13755. Suppose 3*h - l = 19776. Is h a prime number?
True
Let k(p) = -1056*p + 29. Let o = -185 + 176. Is k(o) a composite number?
False
Suppose 4*y - 5*y - 11 = -j, -3*y = 4*j + 33. Let r be -2*y/(22/(-140)). Let o = r + 207. Is o composite?
False
Let x = 10 + -6. Suppose n = -2*c - n + 2, c - x*n = 11. Suppose -c*p + 1812 + 1701 = 0. Is p a composite number?
False
Let t = -748 + 2561. Let q = t + -1032. Is q composite?
True
Let g be 130/(-15) + 5/(-15). Suppose -11 = -2*a + 5. Is (6/g)/(a/(-879))*4 prime?
True
Let w = -1318 + 2266. Let r(y) = 434*y - 2631. Let p be r(5). Let s = w + p. Is s a prime number?
True
Suppose -3*y - 1 = -3*h - 2*y, 2*y = 5*h - 2. Suppose h*z = 7*z - 7. Is z + 91 + (-3 - -8) a composite number?
False
Let i(m) be the third derivative of m**6/60 + 11*m**5/15 + 7*m**4/8 - 5*m**3/3 - 9*m**2. Let v = -138 - -117. Is i(v) a composite number?
False
Suppose 0 = -23*q + 20*q - 36. Let b(v) = -2*v**3 - 14*v**2 - 26*v + 5. Is b(q) composite?
True
Let f(k) = -9386*k**3 - 9*k + 9. Let b be f(1). Let z = -4529 - b. Is z a composite number?
True
Suppose -4*q + 1 + 3 = 4*o, 6 = 4*q + 2*o. Suppose q*j = 10*j. Suppose -5*n - 2320 + 7215 = j. Is n a composite number?
True
Let g = 41039 + -14276. Let m = g - 9236. Is m a prime number?
False
Let x = 7817 + -4662. Suppose x = -210*w + 215*w. Is w composite?
False
Let h be 50227 - (-22 - -37)/(0 + 3). Suppose -14*a = -h + 2412. Is a prime?
False
Suppose -9*s + 4*s + 40 = 0. Suppose s*c - 5310 - 5450 = 0. Is c composite?
True
Is ((-1)/5)/((3/(-90))/((-19152651)/(-126))) prime?
True
Suppose 0 = -7*w + 63 - 21. Let u be 4090 - (2/(6/9) - w). Is u/2 + 12/24 composite?
True
Let b = 32315 - 9576. Is b a prime number?
True
Let z be 1/2 - 57978/(-36). Suppose -7*l + 3*l + 16 = 0. Suppose q + z = l*q. Is q a composite number?
True
Let m(o) = -272*o**3 - 26*o**2 - 30*o - 5. Is m(-4) prime?
True
Let z be ((-117)/(-26) + -6)*8/(-6). Suppose -3*d + 5*a = -155652, 4*d + z*a - 155631 = d. Is d a composite number?
True
Is (4 - (6 + -4))*(-1427336)/(-16) a prime number?
True
Suppose -5*q + i - 3*i = -90525, 0 = -4*q - 2*i + 72420. Suppose -5*z = -2*m + 7*m + q, 5*z = -2*m - 7242. Is m*((-22)/(-6) + -4) a prime number?
False
Suppose 0 = 4*n + 4*x - 8068, 4035 = 2*n + 6*x - 5*x. Is n composite?
True
Let z(h) be the third derivative of 3731*h**6/30 - h**5/60 + h**4/12 - h**3/3 - 3*h**2 - 3*h. Is z(1) prime?
True
Let v(h) = 743*h**2 + 5*h - 1. Suppose -2*k = 7*k + 27. Is v(k) composite?
True
Let w be 2/(12/(-894))*(-42 - 1). Let m = 12546 - w. Is m prime?
False
Suppose -9*l + 587891 = -1035088. Is l composite?
False
Suppose -2*a - w = w - 26, 4 = -2*w. Let s(m) = -2*m - 22 + 21*m + 25*m - 13*m. Is s(a) composite?
False
Is 7 - (-1772)/(4 + (-3230)/810) prime?
False
Is (-47827)/(-6) - 19/1026*9 a prime number?
False
Suppose -3*q = -4*d - 10 + 3, -3*q + 19 = 2*d. Is -18302*q/20*-2 a prime number?
True
Let b = 65 - 51. Suppose -5*m - b = 26. Is 4/(3*m/(-11724)) composite?
True
Suppose -276*q + 8734829 = -1524846 - 11223889. Is q a composite number?
False
Suppose -4*i = 16 - 4. Let d be (388/i)/((-1)/15*-2). Let y = d - -2501. Is y a prime number?
True
Suppose -50*f = -28*f - 6586558. Is f composite?
False
Suppose -5809*u + 5756*u = -12300929. Is u prime?
False
Suppose -5*w + 4*y = -180, 0 = 2*w - 4*y - 120 + 36. Suppose -2*d - 2*o + w + 22 = 0, 5*d - 132 = -2*o. Suppose 0*s - d = -s. Is s a prime number?
False
Let l be 0 + -76645*(0 - -6). Is l/(-75) + 6/(-10) composite?
False
Suppose -5*u - 112 = 2*j, 3*u - 4 - 8 = 0. Let c = 69 + j. Suppose 0*f = 3*h + 4*f - 369, -f = c. Is h a composite number?
False
Suppose -v - 5*k + 191373 = 0, 0*k - 2*k = -2*v + 382842. Is v composite?
False
Let w = -250 + 253. Suppose d + w*x = 16612, x - 33209 = -22*d + 20*d. Is d prime?
True
Suppose -2*h + 22338 = -3*i, 0 = 4*h + 4*i - 2*i - 44676. Suppose -3483 = 3*r + h. Let c = -2917 - r. Is c a prime number?
False
Let a = -558 - -1302. Let m = 1166 - a. Is m prime?
False
Is (277673 + -11 - 9)*2/6 a composite number?
False
Is (-11295089)/(-357) - 1*(-10)/105 a composite number?
True
Suppose -4*u + 9*u - 15 = 0. Suppose 0 = -2*s - 5*m - 21, 2*s + u*s - m = 15. Suppose -s*z - 2*a = -2353 - 431, 0 = -5*z - 3*a + 6970. Is z composite?
True
Suppose -120*r + 1541896 + 6366254 = 30*r. Is r a composite number?
False
Suppose 0 = 17368*w - 17347*w - 11751663. Is w prime?
False
Let c = 31 + 32. Let j = c + -59. Suppose -j*a - 237 = -1625. Is a a prime number?
True
Let z(r) = -r**3 - 7*r**2 - 6*r - 4. Let l(q) = q**2 + q - 12. Let c be l(-3). Let y be z(c). Let t(a) = -425*a - 7. Is t(y) a prime number?
True
Let s(p) = 9*p - 6. Let g be s(1). Suppose -2*m + 17 = -g*l, -5*m - l + 1 = -4*m. Suppose -i = i + 5*v - 1338, m*i + 2*v = 2708. Is i composite?
True
Let x = 23173 - 11870. Is x a composite number?
True
Let t be (-4)/(-1) - (0 + 1). Let w be (278/(-4))/((-24)/(-96)). Is w/(-3) - t/(-9) a prime number?
False
Let f = 365844 + -56615. Is f a prime number?
False
Is ((-154767)/6)/(-5*(-5)/(-50)) a composite number?
True
Let i be (29/(-87))/(2/(-60) - 0). Let v be ((-25)/i + 3)*2. Is (v - (-3)/3) + 1317 prime?
True
Suppose -85*v + 1384419 + 19278656 = 0. Is v prime?
False
Let h(p) = -p**3 + 76*p**2 - 659*p + 11. Is h(66) a prime number?
False
Let v = 10 + -35. Let d(q) = -q**3 - 24*q**2 + 25*q + 18. Let y be d(v). Let c(o) = 6*o**2 - 23*o + 31. Is c(y) a composite number?
True
Let u(n) = -n**2 - 10*n - 16. Let d be u(-8). Suppose d = 21*v - 781 - 584. Is v prime?
False
Suppose 0 = 2*f - 2*f - 4*l, 737907 = 3*f - 2*l. Is f a prime number?
False
Is -25*17/(-425) + 164302*4 a composite number?
True
Let k = -473 - -479. Suppose 0 = 4*v + i - 207711, 0 = -3*i + k*i + 15. Is v a composite number?
False
Suppose -6 = -u - 3*m, 2*u - 5 = 3*m - 2. Let t be (-3*8/36)/(u/(-18)). Is 2*(-2)/t*-251*1 a composite number?
False
Suppose 3*y + 15 = 0, 27174 = 2*i - 4*y + 7308. Is i prime?
True
Suppose 2*c - 5*r = c - 6, 51 = 4*c + 5*r. Suppose 0 = -2*l - 7*d + c*d + 8738, 12 = 3*d. Is l composite?
False
Let y = -17 - -28. Suppose 33 = 4*m - y. Let j(g) = 81*g - 4. Is j(m) a prime number?
True
Let c be ((-4)/18 - (-8)/36) + 2. Suppose 0*n + 8890 = 5*v - c*n, -2*v + 5*n = -3556. Suppose -v = -6*m + 856. Is m prime?
True
Let f = 651076 - 346457. Is f a composite number?
True
Let w(q) = -23*q**2 - 6*q - 16. Let s(b) = 91*b**2 + 25*b + 64. Let y(h) = -2